{"id":64,"date":"2015-09-05T12:50:01","date_gmt":"2015-09-05T12:50:01","guid":{"rendered":"http:\/\/boxingclubsathonay.fr\/?page_id=64"},"modified":"2024-08-13T13:44:51","modified_gmt":"2024-08-13T13:44:51","slug":"membres-du-bureau-entraineurs","status":"publish","type":"page","link":"https:\/\/boxingclubsathonay.fr\/?page_id=64","title":{"rendered":"Membres du Bureau \/ Entraineurs"},"content":{"rendered":"<p>Pr\u00e9sident : <strong>David COURTEL<\/strong><\/p>\n<p>Tr\u00e9sorier : <strong>Franck MARZIANO<\/strong><\/p>\n<p>Secr\u00e9taire : <strong>David LABOR<\/strong><\/p>\n<p>Entra\u00eeneurs :<\/p>\n<p><strong>David LABOR<\/strong>\u00a0 (Mardi\/Mercredi)<\/p>\n<p><strong>Franck MARZIANO<\/strong>\u00a0 (Jeudi \/Samedi)<\/p>\n<p><strong>Laeticia FOLLEVILLE <\/strong>(Jeudi)<\/p>\n<p><b>David COURTEL <\/b>(Mardi\/Jeudi \/Samedi)<\/p>\n<p>Entra\u00eeneurs Adjoints :<\/p>\n<p><strong>Lionel CHASTAGNOL<\/strong><\/p>\n","protected":false},"excerpt":{"rendered":"<p>Pr\u00e9sident : David COURTEL Tr\u00e9sorier : Franck MARZIANO Secr\u00e9taire : David LABOR Entra\u00eeneurs : David LABOR\u00a0 (Mardi\/Mercredi) Franck MARZIANO\u00a0 (Jeudi \/Samedi) Laeticia FOLLEVILLE (Jeudi) David COURTEL (Mardi\/Jeudi \/Samedi) Entra\u00eeneurs Adjoints : Lionel CHASTAGNOL<\/p>\n","protected":false},"author":3,"featured_media":0,"parent":0,"menu_order":0,"comment_status":"closed","ping_status":"closed","template":"","meta":{"footnotes":""},"_links":{"self":[{"href":"https:\/\/boxingclubsathonay.fr\/index.php?rest_route=\/wp\/v2\/pages\/64"}],"collection":[{"href":"https:\/\/boxingclubsathonay.fr\/index.php?rest_route=\/wp\/v2\/pages"}],"about":[{"href":"https:\/\/boxingclubsathonay.fr\/index.php?rest_route=\/wp\/v2\/types\/page"}],"author":[{"embeddable":true,"href":"https:\/\/boxingclubsathonay.fr\/index.php?rest_route=\/wp\/v2\/users\/3"}],"replies":[{"embeddable":true,"href":"https:\/\/boxingclubsathonay.fr\/index.php?rest_route=%2Fwp%2Fv2%2Fcomments&post=64"}],"version-history":[{"count":8,"href":"https:\/\/boxingclubsathonay.fr\/index.php?rest_route=\/wp\/v2\/pages\/64\/revisions"}],"predecessor-version":[{"id":705,"href":"https:\/\/boxingclubsathonay.fr\/index.php?rest_route=\/wp\/v2\/pages\/64\/revisions\/705"}],"wp:attachment":[{"href":"https:\/\/boxingclubsathonay.fr\/index.php?rest_route=%2Fwp%2Fv2%2Fmedia&parent=64"}],"curies":[{"name":"wp","href":"https:\/\/api.w.org\/{rel}","templated":true}]}}